{"id":26,"date":"2013-02-04T12:58:52","date_gmt":"2013-02-04T10:58:52","guid":{"rendered":"http:\/\/www.zeitgedanken.com\/ztec\/?page_id=26"},"modified":"2024-09-09T13:32:34","modified_gmt":"2024-09-09T12:32:34","slug":"education","status":"publish","type":"page","link":"http:\/\/www.ztec.at\/consulting\/ztec-e-u\/education\/","title":{"rendered":"Training"},"content":{"rendered":"<p>Die Vision von ZTEC beinhaltet den Aufbau von Know-How beim Kunden f\u00fcr den Kunden. Aus diesem Grunde werden laufend bei \u00f6ffentlichen Seminarveranstalter\u00a0 sowie Universit\u00e4ten Vortr\u00e4ge zur Erwachsenenweiterbildung abgehalten.<\/p>\n<p>Derzeit werden Vortr\u00e4ge zu folgenden Themengebieten abgehalten:<\/p>\n<ul>\n<li>Aufzugstechnik<\/li>\n<li>Barrierefreiheit<\/li>\n<li>Energie<\/li>\n<li>Facility Management<\/li>\n<li>HSQE MS-Systeme sowie\u00a0QM-Systeme gem\u00e4\u00df\u00a0EU-Richtlinien<\/li>\n<li>Instandhaltung<\/li>\n<li>Legal Compliance<\/li>\n<li>Objektsicherheit<\/li>\n<li>Projektmanagement<\/li>\n<li>Risiko- und\u00a0Krisenmanagement<\/li>\n<\/ul>\n<p>Inhouse-Seminare auf Anfrage jederzeit m\u00f6glich.<\/p>\n<p>&nbsp;<\/p>\n","protected":false},"excerpt":{"rendered":"<p>Die Vision von ZTEC beinhaltet den Aufbau von Know-How beim Kunden f\u00fcr den Kunden. Aus diesem Grunde werden laufend bei \u00f6ffentlichen Seminarveranstalter\u00a0 sowie Universit\u00e4ten Vortr\u00e4ge zur Erwachsenenweiterbildung abgehalten. Derzeit werden Vortr\u00e4ge zu folgenden Themengebieten abgehalten: Aufzugstechnik Barrierefreiheit Energie Facility Management HSQE MS-Systeme sowie\u00a0QM-Systeme gem\u00e4\u00df\u00a0EU-Richtlinien Instandhaltung Legal Compliance Objektsicherheit Projektmanagement Risiko- und\u00a0Krisenmanagement Inhouse-Seminare auf Anfrage jederzeit [&hellip;]<\/p>\n","protected":false},"author":1,"featured_media":0,"parent":69,"menu_order":4,"comment_status":"open","ping_status":"open","template":"","meta":{"footnotes":""},"class_list":["post-26","page","type-page","status-publish","hentry"],"_links":{"self":[{"href":"http:\/\/www.ztec.at\/consulting\/wp-json\/wp\/v2\/pages\/26","targetHints":{"allow":["GET"]}}],"collection":[{"href":"http:\/\/www.ztec.at\/consulting\/wp-json\/wp\/v2\/pages"}],"about":[{"href":"http:\/\/www.ztec.at\/consulting\/wp-json\/wp\/v2\/types\/page"}],"author":[{"embeddable":true,"href":"http:\/\/www.ztec.at\/consulting\/wp-json\/wp\/v2\/users\/1"}],"replies":[{"embeddable":true,"href":"http:\/\/www.ztec.at\/consulting\/wp-json\/wp\/v2\/comments?post=26"}],"version-history":[{"count":19,"href":"http:\/\/www.ztec.at\/consulting\/wp-json\/wp\/v2\/pages\/26\/revisions"}],"predecessor-version":[{"id":1401,"href":"http:\/\/www.ztec.at\/consulting\/wp-json\/wp\/v2\/pages\/26\/revisions\/1401"}],"up":[{"embeddable":true,"href":"http:\/\/www.ztec.at\/consulting\/wp-json\/wp\/v2\/pages\/69"}],"wp:attachment":[{"href":"http:\/\/www.ztec.at\/consulting\/wp-json\/wp\/v2\/media?parent=26"}],"curies":[{"name":"wp","href":"https:\/\/api.w.org\/{rel}","templated":true}]}}