{"id":855,"date":"2017-06-20T13:32:39","date_gmt":"2017-06-20T12:32:39","guid":{"rendered":"http:\/\/www.ztec.at\/consulting\/?page_id=855"},"modified":"2024-09-09T14:09:59","modified_gmt":"2024-09-09T13:09:59","slug":"brandschutz","status":"publish","type":"page","link":"http:\/\/www.ztec.at\/consulting\/ztec-zt-gmbh\/brandschutz\/","title":{"rendered":"Brandschutz -BS"},"content":{"rendered":"<p>Folgende Dienstleistungen werden im Bereich Brandschutz angeboten:<\/p>\n<ul>\n<li>Brandschutzpl\u00e4ne<\/li>\n<li>Brandschutz-Konzepte<\/li>\n<li>Brandschutzbeauftragter<\/li>\n<li>Evakuierungskonzepte<\/li>\n<li>IST-Zustandsanalyse<\/li>\n<\/ul>\n<p>F\u00fcr spezifische Anfrage, n\u00e4here Ausk\u00fcnfte zu den o.a. Dienstleistungen aber auch f\u00fcr allf\u00e4llige weitergehende Anfrage stehen wir Ihnen unter office@ztec.at gerne zur Verf\u00fcgung.<\/p>\n","protected":false},"excerpt":{"rendered":"<p>Folgende Dienstleistungen werden im Bereich Brandschutz angeboten: Brandschutzpl\u00e4ne Brandschutz-Konzepte Brandschutzbeauftragter Evakuierungskonzepte IST-Zustandsanalyse F\u00fcr spezifische Anfrage, n\u00e4here Ausk\u00fcnfte zu den o.a. Dienstleistungen aber auch f\u00fcr allf\u00e4llige weitergehende Anfrage stehen wir Ihnen unter office@ztec.at gerne zur Verf\u00fcgung.<\/p>\n","protected":false},"author":2,"featured_media":0,"parent":418,"menu_order":0,"comment_status":"closed","ping_status":"closed","template":"","meta":{"footnotes":""},"class_list":["post-855","page","type-page","status-publish","hentry"],"_links":{"self":[{"href":"http:\/\/www.ztec.at\/consulting\/wp-json\/wp\/v2\/pages\/855","targetHints":{"allow":["GET"]}}],"collection":[{"href":"http:\/\/www.ztec.at\/consulting\/wp-json\/wp\/v2\/pages"}],"about":[{"href":"http:\/\/www.ztec.at\/consulting\/wp-json\/wp\/v2\/types\/page"}],"author":[{"embeddable":true,"href":"http:\/\/www.ztec.at\/consulting\/wp-json\/wp\/v2\/users\/2"}],"replies":[{"embeddable":true,"href":"http:\/\/www.ztec.at\/consulting\/wp-json\/wp\/v2\/comments?post=855"}],"version-history":[{"count":11,"href":"http:\/\/www.ztec.at\/consulting\/wp-json\/wp\/v2\/pages\/855\/revisions"}],"predecessor-version":[{"id":1417,"href":"http:\/\/www.ztec.at\/consulting\/wp-json\/wp\/v2\/pages\/855\/revisions\/1417"}],"up":[{"embeddable":true,"href":"http:\/\/www.ztec.at\/consulting\/wp-json\/wp\/v2\/pages\/418"}],"wp:attachment":[{"href":"http:\/\/www.ztec.at\/consulting\/wp-json\/wp\/v2\/media?parent=855"}],"curies":[{"name":"wp","href":"https:\/\/api.w.org\/{rel}","templated":true}]}}